 - (-24 + 24 + (3 - 1))) + 7.
3
Evaluate 18 - 20 - (5 - 3).
-4
What is -7 + (7 + -3 - -1) + -6?
-8
-258 + 262 + (1 - 20) + -14
-29
0 + -4 + 11 + 1 - 9
-1
Evaluate (-16 - -6) + (-1 - 3 - -1).
-13
What is -1 + -8 + 2 + -2 + (12 - -3)?
6
1 + (15 + 18 - 68)
-34
Evaluate 31 + 40 + -72 - (-5 - -3).
1
-19 - (5 + -26) - (0 - (2 - -7))
11
(-41 - -36) + -3 + (11 - 1)
2
Evaluate 12 + -9 + -8 + 1 + (-2 - 1).
-7
6 + (-11 + 8 - 7) + (-20 - -6)
-18
Calculate -21 + 11 + (0 - 3) - (-5 - -1).
-9
Evaluate -1 + -5 + 11 - (5 + (1 - -1)).
-2
What is the value of -12 - (8 - (9 + 18))?
7
What is -14 - (27 + -24) - (2 - 4)?
-15
Calculate -6 + 2 + (9 - (5 + -6)).
6
What is the value of -2 + -2 + 4 + 0 - (-9 + 8)?
1
What is the value of -17 + (5 - (-2 + (8 - (1 - -6))))?
-11
Evaluate (-23 - 5) + (22 - (19 - 8)).
-17
What is the value of 2 - -6 - (3 + -3 - 8)?
16
Evaluate -22 + (-26 - (-25 + 15 + -8)).
-30
Evaluate (-7 - (-6 + 4)) + -2 + 5 + 8.
6
-45 + (-29 - -44) - -26
-4
Evaluate 346 + -349 - (1 - 15).
11
Calculate 11 - 11 - (0 + 5) - (-1 + 3).
-7
What is 15 + (3 - (5 - (10 + -11))) - 31?
-19
Calculate -13 - (0 - (-16 + 15)).
-14
What is -44 + 14 - (87 + -92)?
-25
Calculate 628 + -627 + 1 + 1.
3
Evaluate -12 + 3 + 12 + -18.
-15
3 - (-14 - -2 - (7 - 11))
11
Evaluate (-8 - -7) + 1 + (2 + -4 - 4).
-6
Calculate -27 + (23 - 22) + 30.
4
Calculate (15 - 9) + -19 + 5 + -4.
-12
Evaluate (-6 - -12 - 10 - 24) + (4 - 1).
-25
Calculate 21 - ((12 - 7) + 5).
11
Calculate (-4 + 5 - -5) + (-147 - -133).
-8
Calculate -27 - (32 + -30 - (-2 + -3) - 11).
-23
Calculate (17 + -13 - 3) + (1 + 3 - -1).
6
What is the value of -15 - (-8 - -10 - 8) - -6?
-3
What is the value of (-41 - -12) + 2 + -4 + 13?
-18
What is -40 - (-57 - (-4 - 32))?
-19
What is -34 - -38 - (4 + -11)?
11
Evaluate 17 + 4 + 9 - 27.
3
What is the value of 126 + -112 + -2 + 1?
13
-5 - (8 + 0 + 44 + -48) - -43
34
What is the value of 2 + -3 + 26 + -4 + -2 + -2?
17
Evaluate 5 + 4 + (3 - 12) + (8 - 2).
6
Calculate 3 - (6 + (-7 - 1)).
5
18 + (32 - 43) + 10 + -1
16
Evaluate 19 + -8 + -14 - -5.
2
What is 2 - (-9 + 4 + -1) - 16?
-8
Calculate 3 + 387 + -386 + (-13 - 1) + -1.
-11
What is (14 - 1) + -7 - -4 - 9?
1
What is -21 - (-7 - (2 + 6 - (15 - 9)))?
-12
What is -8 + 0 - ((2 - 43) + -66 + 83)?
16
-7 - -5 - 6 - (0 - 7)
-1
Evaluate (-5 - -4 - (-16 + 1)) + -1.
13
What is the value of (-8 - -11) + 1 + (3 - 4) + 1?
4
Calculate 1 + 0 + -1 - (-13 + -33 - -57).
-11
Calculate 0 - (1 - (-8 + 4) - 4).
-1
Calculate 5 - (0 + 3) - 22 - (-15 - -11).
-16
Evaluate -5 + 3 + 6 + -3 + -7 + -1.
-7
(27 - 10 - 5) + 2
14
What is the value of 10 - -6 - ((15 - 8) + 27)?
-18
What is the value of 6 + -16 + (-13 + 6 - -7) + 24?
14
Calculate 3 + -6 - -20 - 19 - -1.
-1
Calculate 14 - (2 - 2) - 11.
3
What is the value of -1 - 19 - (6 + 6 + (1 - 4))?
-29
Evaluate -28 - (-25 - 0) - -5.
2
Calculate 25 + -30 + (-10 - -5).
-10
Calculate (23 - 9) + -16 + 13.
11
What is the value of -28 + 0 + (-2143 - -2183)?
12
What is -48 + 89 - (-4 + 38)?
7
Evaluate -17 - -21 - (11 - -1) - (10 + -9).
-9
Calculate (6 - -22) + (-11 - (3 + 2) - -11).
23
What is 8 - (-2 + 2 + 3 + 3 - 0)?
2
Calculate (-24 - -9 - -13) + -8 + 4.
-6
Evaluate (-1 - 2) + (43 - 53) + (0 - -7).
-6
24 + (-11 - -4) + (-11 - -2) - -5
13
What is the value of (4 - (16 - ((0 - 1) + 6))) + 1?
-6
What is (0 + 13 + 0 - 8) + -17?
-12
What is the value of 1 + -4 - (24 - (-6 - -28))?
-5
What is 17 + 10 - 22 - (1 + 0) - -3?
7
Calculate -64 + 54 + (33 - 2) + -7.
14
Calculate -31 - (23 - (-4 - -55)).
-3
What is the value of -10 - (16 - (-16 + 29)) - (1 + 0)?
-14
Calculate 0 + 15 - (45 - 36) - 12.
-6
Calculate (-16 - 2) + 197 + -181.
-2
What is the value of -10 + (3 + -6 + -24 - -11) + 5?
-21
Calculate (-15 - -4) + (14 - 2).
1
Calculate 5 - -1 - (4 + 7 - (-18 - -29)).
6
Evaluate (-10 - 5) + 18 + -6 + -5.
-8
Evaluate 20 - (2 + -8 + 4 + 12).
10
What is 8 + 7 + 4 + (-74 - -64)?
9
What is the value of 88 + -111 - (-1 - -3)?
-25
What is -2 - -2 - (-9 + 2 + -40 + 38)?
9
Evaluate -67 + 3 - (183 - 217).
-30
-15 + -1 + (2 - (0 + 6))
-20
Evaluate 2 + 3 - -2 - 6 - (4 - 6).
3
What is the value of -3 - ((-9 - (4 + -16)) + -16)?
10
What is the value of 10 + -12 + 6 + -23?
-19
Calculate (13 - (6 + -4 + 6)) + -19.
-14
Calculate (-4 - (21 + -12)) + 25.
12
Evaluate -11 - -10 - (18 - 10).
-9
-19 + 13 + 5 - -9
8
2 + -13 - 25 - -20
-16
Calculate 1 + (-8 - -4) + 7 + 12 + -11.
5
Evaluate -9 + 13 - (-9 + (6 - (1 + 1))).
9
Evaluate 5 - (-1 - 3 - (-9 - (-21 - -27))).
-6
What is -1 + -4 + (2 - (3 - 5)) + -8?
-9
What is the value of (0 - -18) + -419 + 413?
12
Calculate (-2 - (6 - 6)) + -5.
-7
3 - (-3 - -14) - -11
3
Evaluate -3 - 3 - (-68 - -63).
-1
What is the value of 8 + (25 - (-18 + 59))?
-8
What is (-2 + -9 + 10 - 0 - 2) + 32?
29
Calculate -13 + -1 + 0 + (-1375 - -1394).
5
What is (-11 - (14 + 16)) + 29?
-12
What is the value of (5 - -5) + -16 + 1?
-5
Evaluate (5 + -18 - 1) + 10.
-4
What is the value of (5 - 0) + 26 + -34?
-3
5 - 4 - (-8 + 17) - (4 - 5)
-7
Evaluate 18 - 17 - (4 - 0) - (-15 + 18).
-6
20 + (-17 - (-9 + 5))
7
Evaluate -24 - 1 - (-2 + -10) - -18.
5
Calculate 2 - (6 - -1) - (-8 - -12).
-9
What is the value of 2 - (12 - 0) - (-51 + 40)?
1
What is 15 + -15 + -14 - (6 + 0) - -3?
-17
What is the value of -15 + (-10 + 15 - -1) + 40?
31
Evaluate ((1 - 1) + -3 - (7 + -4)) + 11.
5
What is -1 - 39 - (150 - 175)?
-15
What is the value of 14 + (-1 - 15) + -8?
-10
Calculate 0 + 0 + -36 + (-460 - -459).
-37
Calculate -47 - -46 - (-5 - -6).
-2
Evaluate -32 - (20 - (34 - -26)).
8
-2 + 21 + 38 + -52
5
Evaluate 34 + -34 + (2 - -9) - (16 - -9).
-14
What is -3 - ((29 - 20) + (2 - 17 - 0))?
3
31 + (29 - 53) + -34
-27
What is (4 - (-5 + 30)) + -4 + 9 + -2?
-18
What is (1 - -4) + (33 - 19) + -16?
3
What is the value of 14 + 9 + -13 - (-6 + 3 + -8)?
21
What is the value of -61 + 55 + 21 + -9 + 9?
15
(-3 - (-1 + -34)) + (-330 - -319)
21
Calculate -10 - (15 + -32) - (14 - 0).
-7
Calculate 0 - (2 - (-14 - -55) - -9).
30
3 - (1 - -6 - (42 - 33))
5
-13 + 3 + 5 + 15
10
Evaluate -42 + 48 + 3 + -3 + (0 - 4).
2
What is the value of 3 + -10 + (6 - 2) + 10 + -2?
5
8 + 0 + 23 - (16 - 5)
20
5 + 8 - 41 - -30
2
Calculate -2 - (23 - (49 + -31)).
-7
What is 27 - (-15 + (-19 - -49))?
12
(0 - 29) + (28 - 47) + 24
-24
What is the value of -7 + 21 + -18 + (12 - 1)?
7
(8 - 1) + -9 - -5 - (0 + 2)
1
17 + 0 + (-41 - -35) - -2
13
What is the value of -8 - (3 + 1) - (-35 + 24)?
-1
Calculate -19 + (10 + -17 - -38).
12
Evaluate -16 - (8 - (13 + (1 - 0))).
-10
What is the value of 3 + (-13 + (0 - 5 - 1) - -9)?
-7
What is -113 + 99 + (11 - -2) + 0 + -11?
-12
What is (-5 - 0) + 15 + -14?
-4
24 - 15 - 24 - (0 - 22)
7
0 + (1 + -12 - (-8 + -2 + 5))
-6
Evaluate -8 + (105 + -93 - (0 - -9)).
-5
What is the value of -17 + (17 - 27 - -16)?
-11
What is the value of -4 + -16 + 23 + (-2 - -19)?
20
-22 + 2 - (-162 + 147)
-5
Evaluate (-15 - (-13 + 10 - -19)) + -3.
-34
What is -7 + 4 - -23 - 18?
2
What is -1 + -1 - (1 - -3 - (-15 - -6))?
-15
What is (15 - (-14 - 4)) + (7 - 4)?
36
What is 3 + (38 - 40) - (3 - 1)?
-1
What is 25 - ((15 - 1) + 4)?
7
Evaluate (-29 + 23 - (-4 - -2)) + -5.
-9
What is 55 + -49 - ((-6 - 1) + 3)?
10
(181 - 170) + (1 - 9) + 20
23
What is the value of -39 + 37 + (-36 - 0) + 16?
-22
What is (7 - 11) + 1 + -14 + 23?
6
12 + 0 - (-7 + 0 + -4 + 2)
21
What is 3 + (-3 - -1 - 3) + 30?
28
(7 - 6 - 7) + 0 + 3 - 8
-11
Evaluate (-1 - (1 - 1)) + (-15 - (8 + -39)).
15
What is 10 - ((34 - 27) + 11 + -1)?
-7
Evaluate (1 - -2) + -4 + 1 + (1 - 3).
-2
What is the value of 16 + 35 + -18 + -66?
-33
What is -17 + 16 + 1 + 5 - 0?
5
What is -8 - (-26 + -10 + 27)?
1
7 - 12 - (-4 - 4 - (11 - 11))
3
What is the value of -8 + -17 + 41 + -18 - (2 - -18)?
-22
1 - -2 - (-5 - (3 + -12 + -8))
-9
What is the value of -4 + -2 + 14 + -10 + -9?
-11
Calculate -10 + (-8 + (1 - -5) - 0).
-12
What is 6 + -4 - -3 - (15 - -3 - 4)?
-9
What is 3 + 1 - (54 + -38)?
-12
What is the value of (-26 - 13 - -30) + (-1 - -15)?
5
Calculate -4 - (7 + -19) - (5 - 6).
9
What is 15 + -36 - (-9 + 2)?
-14
What is the value of 1 - -3 - 4 - (17 - 26)?
9
Calculate 1 + 7 + -1 + -6.
1
Calculate 444 + -424 - (2 + -2 + 0).
20
Evaluate 12 - (0 - (20 - 23)).
9
Calculate -2 + (-178 - -170 - (1 + -1)).
-10
Evaluate 2 + -8 - -3 - (-1 + (6 - 4)).
-4
What